{"id":321,"date":"2024-03-19T16:58:13","date_gmt":"2024-03-19T15:58:13","guid":{"rendered":"https:\/\/luz-de-amor.com\/?page_id=321"},"modified":"2024-11-18T21:19:45","modified_gmt":"2024-11-18T20:19:45","slug":"contact","status":"publish","type":"page","link":"https:\/\/luz-de-amor.com\/index.php\/contact\/","title":{"rendered":"Prendre rendez-vous"},"content":{"rendered":"\n<div class=\"wp-block-group alignwide has-global-padding is-layout-constrained wp-block-group-is-layout-constrained\">\n<div class=\"wp-block-columns alignwide is-layout-flex wp-container-core-columns-is-layout-70667e15 wp-block-columns-is-layout-flex\" style=\"padding-right:var(--wp--preset--spacing--50);padding-left:var(--wp--preset--spacing--50)\">\n<div class=\"wp-block-column is-layout-flow wp-block-column-is-layout-flow\" style=\"flex-basis:50%\">\n<figure class=\"wp-block-image alignright size-large is-resized is-style-default\"><img loading=\"lazy\" decoding=\"async\" width=\"768\" height=\"1024\" src=\"http:\/\/luz-de-amor.com\/wp-content\/uploads\/2024\/01\/dramor-768x1024.jpg\" alt=\"\" class=\"wp-image-31\" style=\"width:450px\" srcset=\"https:\/\/luz-de-amor.com\/wp-content\/uploads\/2024\/01\/dramor-768x1024.jpg 768w, https:\/\/luz-de-amor.com\/wp-content\/uploads\/2024\/01\/dramor-225x300.jpg 225w, https:\/\/luz-de-amor.com\/wp-content\/uploads\/2024\/01\/dramor.jpg 1000w\" sizes=\"auto, (max-width: 768px) 100vw, 768px\" \/><\/figure>\n<\/div>\n\n\n\n<div class=\"wp-block-column is-vertically-aligned-center is-layout-flow wp-container-core-column-is-layout-e3d1c41b wp-block-column-is-layout-flow\" style=\"flex-basis:50%\">\n<h5 class=\"wp-block-heading is-style-default has-base-2-color has-text-color has-link-color wp-elements-5912f3fb9e5a60f9e0f1206b8b39d48d\">Prendre rendez-vous<br>avec Luz De Amor<\/h5>\n\n\n\n<p>Les prises de rendez-vous se font par mail \u00e0 l\u2019adresse qui suit <mark style=\"background-color:rgba(0, 0, 0, 0)\" class=\"has-inline-color has-custom-yellow-color\"><a href=\"mailto:luzdeamor@protonmail.com\">luzdeamor@protonmail.com<\/a><\/mark> avec l\u2019objet de votre demande : Lecture, Soin ou Autre<\/p>\n\n\n\n<div class=\"wp-block-group has-global-padding is-layout-constrained wp-block-group-is-layout-constrained\">\n<details class=\"wp-block-details is-layout-flow wp-block-details-is-layout-flow\"><summary>Par t\u00e9l\u00e9phone<\/summary>\n<p>+32 456 216 536<\/p>\n<\/details>\n<\/div>\n\n\n\n<p>Pour les Massages th\u00e9rapeutiques, un formulaire vous sera envoy\u00e9 pour me pr\u00e9parer \u00e0 notre rencontre.<\/p>\n\n\n\n<p>Pour les Massages relaxants, pas de formalit\u00e9.<\/p>\n\n\n\n<p>Disponibilit\u00e9s en weekend et les lundis<\/p>\n\n\n\n<p class=\"has-medium-font-size\"><a href=\"https:\/\/luz-de-amor.com\/index.php\/tarifs\/\">Visiter la page des tarifs<\/a><\/p>\n<\/div>\n<\/div>\n<\/div>\n\n\n\n<div style=\"height:100px\" aria-hidden=\"true\" class=\"wp-block-spacer\"><\/div>\n","protected":false},"excerpt":{"rendered":"<p>Prendre rendez-vousavec Luz De Amor Les prises de rendez-vous se font par mail \u00e0 l\u2019adresse qui suit luzdeamor@protonmail.com avec l\u2019objet de votre demande : Lecture, Soin ou Autre Pour les Massages th\u00e9rapeutiques, un formulaire vous sera envoy\u00e9 pour me pr\u00e9parer \u00e0 notre rencontre. Pour les Massages relaxants, pas de formalit\u00e9. Disponibilit\u00e9s en weekend et les [&hellip;]<\/p>\n","protected":false},"author":1,"featured_media":0,"parent":0,"menu_order":0,"comment_status":"closed","ping_status":"closed","template":"","meta":{"footnotes":""},"class_list":["post-321","page","type-page","status-publish","hentry"],"_links":{"self":[{"href":"https:\/\/luz-de-amor.com\/index.php\/wp-json\/wp\/v2\/pages\/321","targetHints":{"allow":["GET"]}}],"collection":[{"href":"https:\/\/luz-de-amor.com\/index.php\/wp-json\/wp\/v2\/pages"}],"about":[{"href":"https:\/\/luz-de-amor.com\/index.php\/wp-json\/wp\/v2\/types\/page"}],"author":[{"embeddable":true,"href":"https:\/\/luz-de-amor.com\/index.php\/wp-json\/wp\/v2\/users\/1"}],"replies":[{"embeddable":true,"href":"https:\/\/luz-de-amor.com\/index.php\/wp-json\/wp\/v2\/comments?post=321"}],"version-history":[{"count":11,"href":"https:\/\/luz-de-amor.com\/index.php\/wp-json\/wp\/v2\/pages\/321\/revisions"}],"predecessor-version":[{"id":1066,"href":"https:\/\/luz-de-amor.com\/index.php\/wp-json\/wp\/v2\/pages\/321\/revisions\/1066"}],"wp:attachment":[{"href":"https:\/\/luz-de-amor.com\/index.php\/wp-json\/wp\/v2\/media?parent=321"}],"curies":[{"name":"wp","href":"https:\/\/api.w.org\/{rel}","templated":true}]}}